s 30 divide 40290?
True
Is 540 a multiple of 15?
True
Is 7686 a multiple of 126?
True
Does 50 divide 871?
False
Is 470 a multiple of 47?
True
Does 84 divide 34028?
False
Is 22 a factor of 15022?
False
Is 852 a multiple of 24?
False
Is 190 a multiple of 19?
True
Does 27 divide 39474?
True
Is 66 a factor of 29884?
False
Does 13 divide 15119?
True
Is 30314 a multiple of 15?
False
Is 17 a factor of 302?
False
Does 52 divide 14040?
True
Does 45 divide 4185?
True
Is 15037 a multiple of 12?
False
Is 8490 a multiple of 6?
True
Does 17 divide 1479?
True
Does 6 divide 210?
True
Is 50 a factor of 84153?
False
Does 66 divide 2680?
False
Is 4 a factor of 15030?
False
Is 41 a multiple of 7?
False
Is 51 a factor of 54111?
True
Does 135 divide 2519?
False
Does 361 divide 80142?
True
Is 121 a factor of 7139?
True
Is 68 a factor of 15368?
True
Does 80 divide 6720?
True
Is 11267 a multiple of 90?
False
Is 1860 a multiple of 20?
True
Does 9 divide 2343?
False
Is 19 a factor of 2229?
False
Does 40 divide 4320?
True
Does 68 divide 315?
False
Is 152 a factor of 2888?
True
Does 34 divide 34?
True
Is 58 a factor of 1044?
True
Is 1617 a multiple of 10?
False
Does 75 divide 1328?
False
Is 8 a factor of 2749?
False
Is 2662 a multiple of 9?
False
Is 895 a multiple of 22?
False
Does 33 divide 660?
True
Does 46 divide 72634?
True
Is 52560 a multiple of 120?
True
Is 14 a factor of 5124?
True
Is 24822 a multiple of 47?
False
Does 91 divide 862?
False
Does 14 divide 2450?
True
Is 10820 a multiple of 15?
False
Is 80 a factor of 3637?
False
Is 86 a factor of 3182?
True
Is 2463 a multiple of 2?
False
Does 32 divide 6157?
False
Does 259 divide 18389?
True
Is 42394 a multiple of 82?
True
Is 66 a factor of 25674?
True
Is 4344 a multiple of 12?
True
Does 22 divide 4796?
True
Is 371 a multiple of 7?
True
Is 35 a factor of 582?
False
Does 11 divide 341?
True
Does 110 divide 18150?
True
Is 9608 a multiple of 3?
False
Is 400 a factor of 116227?
False
Is 14616 a multiple of 174?
True
Is 3 a factor of 1036?
False
Does 5 divide 1778?
False
Is 25 a factor of 2652?
False
Does 15 divide 20565?
True
Is 1136 a multiple of 28?
False
Is 2 a factor of 200?
True
Is 23 a factor of 207?
True
Does 9 divide 99?
True
Is 931 a multiple of 8?
False
Is 1055 a multiple of 13?
False
Is 2392 a multiple of 184?
True
Is 6 a factor of 4464?
True
Is 13583 a multiple of 70?
False
Is 15 a factor of 1008?
False
Is 14 a factor of 644?
True
Does 59 divide 50858?
True
Is 8370 a multiple of 45?
True
Does 7 divide 83?
False
Is 14208 a multiple of 19?
False
Is 5 a factor of 685?
True
Does 12 divide 16261?
False
Is 3538 a multiple of 12?
False
Does 39 divide 3627?
True
Does 12 divide 67664?
False
Does 20 divide 3360?
True
Is 78 a factor of 15508?
False
Does 109 divide 24416?
True
Is 14976 a multiple of 104?
True
Is 148 even?
True
Is 216 a factor of 102311?
False
Does 129 divide 1935?
True
Does 78 divide 2574?
True
Is 29451 a multiple of 124?
False
Does 85 divide 17765?
True
Is 25 a factor of 361?
False
Is 48608 a multiple of 31?
True
Is 2 a factor of 143?
False
Is 56 a factor of 1176?
True
Is 4 a factor of 3226?
False
Is 12 a factor of 1089?
False
Does 22 divide 8646?
True
Is 5 a multiple of 2?
False
Is 405 a multiple of 2?
False
Is 630 a multiple of 21?
True
Does 75 divide 450?
True
Does 3 divide 2385?
True
Does 13 divide 8398?
True
Is 1522 a multiple of 45?
False
Is 11 a factor of 10989?
True
Is 8 a factor of 87?
False
Is 5148 a multiple of 78?
True
Is 137 a factor of 214?
False
Is 53 a multiple of 19?
False
Does 14 divide 323?
False
Is 199 a factor of 70597?
False
Is 7668 a multiple of 21?
False
Is 12495 a multiple of 7?
True
Is 22160 a multiple of 80?
True
Does 13 divide 53769?
False
Is 18 a factor of 2691?
False
Does 11 divide 616?
True
Does 5 divide 90?
True
Does 12 divide 4170?
False
Is 636 a multiple of 2?
True
Is 4 a factor of 2012?
True
Does 9 divide 100?
False
Is 3999 a multiple of 43?
True
Does 7 divide 47570?
False
Is 1702 a multiple of 37?
True
Is 15267 a multiple of 21?
True
Is 27 a factor of 3909?
False
Is 22 a factor of 308?
True
Does 2 divide 1285?
False
Does 27 divide 28577?
False
Is 49 a factor of 660?
False
Does 74 divide 7409?
False
Is 41 a factor of 2255?
True
Does 87 divide 609?
True
Does 49 divide 4266?
False
Does 16 divide 352?
True
Is 131 a factor of 6943?
True
Is 206 a multiple of 5?
False
Does 81 divide 4372?
False
Is 851 a multiple of 23?
True
Does 63 divide 12918?
False
Is 6941 a multiple of 34?
False
Is 18 a factor of 2109?
False
Is 2847 a multiple of 13?
True
Does 34 divide 3092?
False
Is 13 a factor of 3262?
False
Does 30 divide 90?
True
Is 1015 a multiple of 11?
False
Is 3164 a multiple of 113?
True
Is 26 a factor of 120?
False
Does 65 divide 2275?
True
Is 40 a factor of 800?
True
Is 35 a factor of 197772?
False
Is 14 a factor of 2326?
False
Is 13 a factor of 1495?
True
Is 104 a factor of 46428?
False
Does 13 divide 7969?
True
Is 41 a factor of 477?
False
Does 56 divide 29482?
False
Does 42 divide 2646?
True
Does 38 divide 8560?
False
Does 27 divide 52326?
True
Does 13 divide 19318?
True
Is 70 a factor of 11168?
False
Is 75 a factor of 600?
True
Does 35 divide 647?
False
Is 11 a factor of 1646?
False
Is 8 a factor of 3224?
True
Does 15 divide 6510?
True
Does 13 divide 1205?
False
Is 44 a factor of 1099?
False
Does 57 divide 87691?
False
Is 21 a factor of 2025?
False
Is 36 a factor of 735?
False
Does 2 divide 69?
False
Does 12 divide 729?
False
Is 19 a factor of 228?
True
Is 21360 a multiple of 178?
True
Does 94 divide 3102?
True
Is 1613 a multiple of 52?
False
Is 2700 a multiple of 50?
True
Does 230 divide 57142?
False
Does 3 divide 2876?
False
Does 92 divide 1993?
False
Is 124 a factor of 992?
True
Is 64 a factor of 127?
False
Is 84458 a multiple of 22?
True
Does 47 divide 329?
True
Is 7 a multiple of 4?
False
Does 17 divide 21816?
False
Does 19 divide 1190?
False
Is 68 a multiple of 10?
False
Is 38974 a multiple of 26?
True
Is 36 a factor of 108?
True
Is 14 a factor of 868?
True
Is 10 a factor of 1010?
True
Is 13 a factor of 17836?
True
Is 52 a multiple of 3?
False
Is 12 a factor of 3956?
False
Is 6 a factor of 298?
False
Is 28 a factor of 2632?
True
Is 1600 a multiple of 9?
False
Does 30 divide 90236?
False
Is 9 a factor of 981?
True
Is 14 a factor of 1526?
True
Is 2475 a multiple of 99?
True
Is 22 a factor of 38900?
False
Is 75 even?
False
Does 63 divide 594?
False
Is 28 a factor of 8487?
False
Does 69 divide 2001?
True
Does 17 divide 10684?
False
Does 5 divide 22971?
False
Does 18 divide 42830?
False
Is 14664 a multiple of 188?
True
Is 2364 a multiple of 27?
False
Is 6 a factor of 558?
True
Is 36 a factor of 9101?
False
Does 10 divide 1070?
True
Does 76 divide 1900?
True
Does 6 divide 56952?
True
Is 13 a factor of 10426?
True
Does 14 divide 7364?
True
Does 20 divide 20?
True
Is 88 a factor of 1040?
False
Is 510 a multiple of 85?
True
Is 45 a factor of 141?
False
Does 2 divide 957?
False
Does 3 divide 69?
True
Is 17225 a multiple of 265?
True
Does 29 divide 5893?
False
Is 15408 a multiple of 13?
False
Is 261 a multiple of 27?
False
Is 392 a multiple of 8?
True
Does 17 divide 4760?
True
Does 5 divide 1738?
False
Is 1685 a multiple of 20?
False
Does 48 divide 720?
True
Does 68 divide 349?
False
Is 4 a factor of 576?
True
Does 110 divide 18716?
False
Is 5718 a multiple of 100?
False
Is 132 a multiple of 66?
True
Is 5 a factor of 21010?
True
Does 52 divide 11960?
True
Is 19 a factor of 285?
True
Is 411 a multiple of 36?
False
Is 63 a factor of 630?
True
Is 167 a factor of 6899?
False
Is 2706 a multiple of 33?
True
Is 472 a multiple of 15?
False
Is 259 a factor of 24864?
True
Does 13 divide 347?
False
Is 300 a multiple of 25?
True
Is 740 a multiple of 17?
False
Does 23 divide 29675?
False
Is 27 a factor of 4374?
True
Is 23127 a multiple of 39?
True
Is 25 a factor of 3200?
True
Is 10 a factor of 327?
False
Is 4536 a multiple of 24?
True
Is 38 a factor of 979?
False
Is 4 a factor of 697?
False
Is 377 a multiple of 13?
True
Is 391 a multiple of 47?
False
Is 11 a factor of 34309?
True
Does 47 divide 433?
False
Is 28 a factor of 1960?
True
Is 35 a factor of 5495?
True
Is 720 a multiple of 15?
True
Does 78 divide 3847?
False
Is 91 a factor of 3606?
False
Does 24 divide 7124?
False
Is 3528 a 